1
Let h(j) = 10*j + 55. Let g be h(15). Let q = g + -122. What is the units digit of q*(-1 + 2)*3?
9
Suppose 0 = 3*v - 12, -v - 8 = -2*h - h. Suppose -3*o + 137 = -h. Suppose -4*f = -a - 83, 2*f + 5*a - o = -0*f. What is the units digit of f?
1
Let o(i) = -i**3 + 54*i**2 + 94*i - 390. What is the hundreds digit of o(52)?
9
Let x(s) = 6*s + 39. Let p be 15*(12/(-4))/(-9). Suppose 3*z = p*t - 30, 28 = 2*t + 3*z - z. What is the tens digit of x(t)?
9
Let o(f) = -2*f**2 + 23*f + 32. Let a be o(20). Let b = a + 610. What is the tens digit of b?
0
Let j(c) = -42*c + 5. Suppose -16*v - 36 = -4*v. What is the hundreds digit of j(v)?
1
Let v = -527 + 985. Suppose 1145 = 5*b + 3*a, 4*b - v = 2*b + a. What is the units digit of b?
9
Let k = 1227 - 258. What is the hundreds digit of k?
9
Let l(p) = -1392*p + 884. What is the thousands digit of l(-6)?
9
Let o(j) = 8342*j + 56. What is the hundreds digit of o(1)?
3
Let q(d) = 182*d**2 - 341*d + 4. What is the units digit of q(-4)?
0
Let i = -142027 + 199869. What is the tens digit of i?
4
Let t be 3 - -12*4/(-8). What is the tens digit of (t - (-564)/10)/(8/40)?
6
Suppose 5*l + 2*z - 91 = 53, 0 = -5*l - 3*z + 141. Let n be -1 - 10/l*(0 - 3). What is the hundreds digit of 14 + -17 + (274 - n)?
2
What is the thousands digit of 16/(-128)*907512/(-10) + 6/60?
1
Suppose 0 = 2*t + 3*t + 2045. Let w = -342 - t. What is the tens digit of w?
6
Suppose 3*i + c - 11035 = 3312, i - 3*c - 4769 = 0. What is the hundreds digit of i?
7
Suppose -62*v + 65*v - 82359 = -2*s, 5*s + 4*v - 205915 = 0. What is the ten thousands digit of s?
4
Let x = 13620 - 3636. What is the hundreds digit of x?
9
Suppose 83 = 2*r + 87. What is the hundreds digit of (196/(-5))/(r/5) - -5?
1
Let f be (-1)/(-14)*-4 + 12/42. Suppose -k - j - 14 = f, 4*k + 0*j = 4*j - 56. What is the units digit of k/(-21) - (-1218)/9?
6
Let c be 24/9*(-516)/(-16)*-1. Let w = c - -88. Let h(i) = 14*i. What is the units digit of h(w)?
8
Let i(p) = 690*p**2 + 5*p - 156. What is the tens digit of i(-6)?
5
Suppose -4*n - 19*u = -24*u - 57221, 4*n = 3*u + 57227. What is the units digit of n?
9
Suppose -5*f + 4*z + 12408 = -50822, -50615 = -4*f - 3*z. What is the ten thousands digit of f?
1
Suppose w - 193 = -f, -2*f - 230 - 364 = -3*w. What is the hundreds digit of (859/(-7) + 1)/((-56)/w)?
4
Let v = -286 - -411. What is the units digit of (6 + v/(-20))*-876?
9
What is the hundreds digit of 31649/6*(110 - 98)?
2
Let b = 33 + -16. Suppose 28 = -b*a + 24*a. Suppose -54 = -2*r + 2*f + 72, a*f + 57 = r. What is the tens digit of r?
6
Suppose 4*p - 18 = -3*d + 5*d, -2*d - 4*p = 2. What is the hundreds digit of (-6)/(-10) - 1297/d?
2
Suppose 3*u = r - 4, -2*r + 0*u = 2*u - 16. Let x(c) = -c**2 + c. Let m(t) = -3*t**2 - t + 4. Let y(l) = -m(l) + 2*x(l). What is the tens digit of y(r)?
6
Let z(c) = 583*c + 1695. What is the ten thousands digit of z(38)?
2
Let l be (-1*6/(-2))/3. Suppose -4*a - 8 + 1 = t, 4*a + l = t. What is the hundreds digit of 2*-23*t + 4?
1
Let d(u) = -u**3 + 4*u**2 + 5*u + 2. Let t be d(5). Suppose -2*z + t = -z. Suppose v + z + 3 = 3*p, -2*p = -5*v + 27. What is the units digit of v?
7
Suppose 5*o - 15 = 0, 0 = -2*t - 0*o + 2*o + 1096. Suppose -3*h + t = -754. What is the hundreds digit of h?
4
Suppose 3*v + 5*u + 30 = 0, 0 = 3*v + 6*u - 7*u + 12. What is the units digit of v/(-2 - (-91)/46)?
0
Let f(x) = 2*x**3 + 14*x**2 - x - 1. Let h be f(-7). Suppose h*s = -s + 8925. What is the tens digit of s?
7
Suppose 5*t = 4*y + 2926 - 339, -5*t = -2*y - 2581. Let n = 41 + t. What is the units digit of n?
6
Let s(c) = 37*c - 8. Let v be s(-9). Let h(k) = -3*k - 195. Let i be h(-64). What is the units digit of (-102)/68*(1 - v/i)?
9
Suppose 63129 - 207471 = -33*m. What is the hundreds digit of m?
3
Let v(r) = 2*r**2 - 87*r + 633. Let d be v(9). Let b(i) = -12*i**2 + 4*i**3 - 3*i**3 - 1 + 2*i + 4. What is the units digit of b(d)?
7
Suppose 4 = 3*q + 4*g, 4 = q - 3*q - 4*g. Suppose 0 = 7*p + q + 6. What is the hundreds digit of (-1*238)/1*1/p?
1
Suppose -p = 4*y - 15 - 5, 2*p - 3*y = -4. Let f be 3 + (-3 - -1)*6/p. Suppose -5*l - 3*j + 266 = f, 3*j - 158 = 5*l - 442. What is the tens digit of l?
5
Let p = 6408 - -12729. What is the ten thousands digit of p?
1
Suppose 0*m - 6*m = 5*m. Suppose 2*z - 4*k - 1144 = m, 3*z - 2*z + 3*k = 592. What is the units digit of z?
0
Suppose -50*w = 35*w - 1190. Let t(h) = h**2 - 3*h - 21 + 10 - 20. What is the units digit of t(w)?
3
Let w(d) = 59*d**2 - 32*d + 11. Suppose 0 = 4*r - 5*q - 30, -11*q = 5*r - 9*q - 21. What is the tens digit of w(r)?
2
Let r(f) = 2*f - 24. Let j be r(10). Let h(a) = -166*a + 12. Let b be h(j). Suppose -b = -4*i + 4*o, -5*i = -i - o - 661. What is the units digit of i?
4
What is the thousands digit of (-5)/(-2)*(1 + (20610/25 - -3))?
2
What is the units digit of -66 + 74 + 15414 + 2?
4
Let v(l) be the first derivative of 2/3*l**3 + 23 - l - l**2. What is the tens digit of v(-4)?
3
Suppose o - 690 = -5*z - 276, -5*z + 5*o + 390 = 0. Suppose -3*i + 89 + z = 0. What is the tens digit of i?
5
Let p(t) = 8*t + 4. Let h be p(0). Suppose -h*n - 324 = -0*v - 2*v, -2*n = 4*v - 658. What is the hundreds digit of v?
1
Let r(j) = -10*j - 13. Suppose 0 = 5*v - 48 - 52. Suppose t - v = 3*p, -2*t = -8 - 2. What is the units digit of r(p)?
7
Suppose 0*z - 11*z = -29183. Suppose 4*p = 5*w - z, -5 = -p - 2. What is the units digit of w?
3
Let p(y) = -58*y + 49. Let c(s) = 7*s - 6. Let d(i) = 51*c(i) + 6*p(i). What is the units digit of d(2)?
6
Suppose -65 + 65 = -4*o. Let p(f) = 34 + o*f - 2*f - 7 + 18. What is the units digit of p(22)?
1
Suppose 0 = -3*b - k + 15 + 43, 92 = 5*b - 3*k. Let g(n) = -28*n**2 + 27*n**2 - 114*n - 17 + 139*n. What is the units digit of g(b)?
7
Let b be (-20)/6*(-5 + 97 - -1). Let j = -102 - b. Let w = -107 + j. What is the units digit of w?
1
Let a be (14/12 + (-6)/12)*3. Let d(o) = o**2 - 6*o + 8. Let k be d(a). Suppose -4*y = q - 140, k = 3*y + 4 - 19. What is the units digit of q?
0
Let j(k) = -k**3 - 17*k**2 - 49*k + 43. Suppose -301*n + 57 = -304*n. What is the thousands digit of j(n)?
1
Let n(y) = -81*y - 160. Suppose 32*i = -351 - 193. What is the tens digit of n(i)?
1
Let y(v) = 2*v**3 - 21*v**2 - 30*v - 119. What is the units digit of y(28)?
1
Suppose -133783 = -28*o + 40934 + 107215. What is the hundreds digit of o?
0
Suppose 0 = -j - l + 453, -3*l = -9 + 18. Suppose 5*y - 2*y - 930 = 0. Let q = j - y. What is the units digit of q?
6
Let h = 170 + -190. What is the hundreds digit of (2520/50)/((-6)/h)?
1
Suppose -6*s + 34700 + 242644 = 0. What is the ten thousands digit of s?
4
Suppose 0 = -4*r - 2*q + 96, 2*r - 4*r - 3*q + 48 = 0. Suppose 0 = 29*u + 54 - 199. Suppose 3*c + r = 3*h - 141, -c + 251 = u*h. What is the tens digit of h?
5
Suppose 0 = 2*f + x - 573, 4*f = -5*x + 418 + 725. Let c = 35 + f. What is the units digit of c?
2
Let x(v) = -3*v**2 - 3*v + 3. Let w be ((-1)/3)/(1/6). Let r be x(w). What is the tens digit of 3641/33 - (-4)/r?
0
Suppose 14*u = 3*c + 10*u - 14, 2*u = 2*c - 8. What is the units digit of (c*9)/(2478/(-624) + 4)?
4
Let x = -10976 - -25924. What is the hundreds digit of x?
9
Suppose 5*n + 5*l - 40 = 0, -4*n - 17*l + 15*l = -26. Suppose -n*b + 3*j + 1497 + 3134 = 0, 2*b - 1859 = -j. What is the tens digit of b?
2
Suppose 3*w - 4*n - 28 = 0, 2*w = 7*w - 3*n - 32. Suppose w*s - 140 = 348. What is the tens digit of s?
2
Let o(r) = 8*r + 27. Let u be o(9). Let w be (-2 + u/4)/((-2)/(-16)). Let d = w - 40. What is the hundreds digit of d?
1
Let a be (6/54*0)/(-4). Suppose 17*c - 71*c + 11178 = a. What is the hundreds digit of c?
2
Let m = 45677 - 28186. What is the hundreds digit of m?
4
What is the units digit of 16446 + 177/118*10/(-3)?
1
Suppose -4*n = n - 260. Let k(g) = -4*g**3 + g**2 + 6*g + 1. Let z be k(-4). Suppose -55*l + n*l = -z. What is the units digit of l?
3
Let t = 2131 + -366. Suppose 0 = -2*l + 7*l - t. What is the hundreds digit of l?
3
Let w = -132 + 134. Suppose 0*v + 5*v = l + 860, -w*v + 4*l + 362 = 0. What is the units digit of v?
1
Let q = -56 - -32. Let b be ((-2)/((-8)/3))/(q/(-1632)). Suppose 0 = -3*h + 333 - b. What is the tens digit of h?
9
Suppose -5*y = 4*f - 42406, -98*y + 102*y = -5*f + 33923. What is the units digit of y?
2